et r = 55 - 47. Let j be (-2)/r + (-290)/(-40). Suppose 0 = -m - 2*d + 17, -j + 2 = 5*d. Is m a prime number?
True
Is 34124*(-258)/(-216) - 2/9 composite?
False
Suppose 4*y + 4 = 0, 0 = u + 2*y - 0*y - 10. Let j be 18630/12*40/u. Suppose 0 = -0*t + 2*t - 3*z - 2063, 5*t - j = 4*z. Is t a composite number?
False
Let k = 43004 - -6249. Is k a composite number?
False
Let r(a) = -44*a**3 - 6*a**2 - 8*a - 6. Suppose -6 = -2*j + 5*m - 4, 3*j + 2*m + 16 = 0. Let w be r(j). Suppose -w = 9*l - 7129. Is l a prime number?
True
Let q(u) = -u**3 - 5*u**2 + 14*u + 10. Let t be q(-8). Suppose -t*k + 69*k = -6027. Is k a prime number?
False
Let i = -370473 + 523624. Is i composite?
False
Suppose -5*a + s - 7 + 33 = 0, 0 = -a - 5*s. Suppose -2*t = m - 7*t - 2744, -a*t = -5*m + 13740. Is m a composite number?
False
Let t(d) = -1873*d**2 - 5*d - 2. Let m be t(4). Let o be m/(-22) + (-6)/33. Suppose -l + 4*h = 2*h - o, 3*h = -2*l + 2719. Is l composite?
False
Suppose 0 = 4*s + 9*s - 156. Suppose s*n = 54173 - 8729. Is n a composite number?
True
Suppose -l - 6*b + 2296 = -4*b, -3*b = 3*l - 6897. Let j = 5465 - l. Is j composite?
False
Let l = 83172 - -335479. Is l prime?
False
Suppose 3*f - 4*j - 2402365 = 0, 2*f - 26*j = -28*j + 1601600. Is f composite?
True
Let y be (933/(-9))/(6/18 - 0). Let k = 988 + y. Is k composite?
False
Let g be 9/24 + 3924/288. Let o be ((-2)/3)/(6/(-63)). Suppose g*z = o*z + 3101. Is z a prime number?
True
Let w(m) = 198 - 387 - 8*m + m**3 - 5*m**2 + 188. Let y = 19 + -11. Is w(y) composite?
False
Suppose 5*w - 75 + 305 = 0. Is w/(-1) + 1 - (-1)/(-1) a prime number?
False
Let d(v) be the third derivative of v**4/24 + 4*v**3/3 + 3*v**2. Let q be d(-4). Suppose 0 = -2*o - 2*o + 2*g + 4458, -1097 = -o + q*g. Is o composite?
False
Let r = -12303 + 17414. Is r a prime number?
False
Suppose 4*k = -i + 21219, 4*k - 3*i = 3*k + 5295. Let b = -1471 + k. Is b a composite number?
False
Let i = 859978 - 483245. Is i composite?
True
Let v = 7956462 - 3619307. Is v a prime number?
False
Let r = -696 - -1332. Is (28/12)/7 - r/(-9) composite?
False
Let z(j) = 8380*j**2 - 247*j + 1166. Is z(5) a composite number?
False
Let x be ((-16)/6)/(-1 - (-2)/6). Let i = -8 + x. Is 1688/(-16)*(-3)/((-6)/i) composite?
False
Let y(x) = -2414*x + 7605. Is y(-53) prime?
False
Let q(f) = 35*f + 109. Let t be q(-3). Suppose -n = 5*v - 14945 - 27707, -4*n = -t*v + 34136. Is v a composite number?
True
Let o(y) = 26*y - 1 - 35*y + 167*y. Is o(4) a prime number?
True
Suppose 12*n - 47 = 13. Is 0 + (-7658)/((-10)/n) a prime number?
False
Let d be 12/(-20) - (304/10)/(-4). Suppose 0 = -s + 3*y, -y = 2*s - 0*y - d. Suppose -k - 2*w = -1067, s*w = 3*k + 8*w - 3202. Is k prime?
True
Suppose -4*v + 355877 = d, -22394 = 3*v + d - 289302. Is v prime?
True
Let z(p) = 16*p - 2. Let c be z(3). Suppose -3*m + 3*x + 36 = 0, 3*m + 2*m + 2*x - c = 0. Is (-5336)/(-6) - (m/(-6) - -2) composite?
True
Let f = -130 + 129. Let x be 2*f + (-2 - -362)*1. Suppose -x = -23*j + 22*j. Is j a composite number?
True
Let c = 15018 + 23869. Is c composite?
True
Suppose -m - 7794 = -34339. Suppose -m = -5*l - 4*h, -7*l + 9*l - 10618 = 4*h. Is l a composite number?
False
Suppose -2*u - 5 = -789. Let w = -57 - u. Let d = 748 + w. Is d prime?
False
Let v be 1/(-3)*0 + 4. Suppose 0*u - v*f = -u - 16, 2*u - 5*f + 20 = 0. Suppose 0 = -i - u*i + 1055. Is i composite?
True
Let d = -1669062 - -2497301. Is d composite?
False
Let x = 20349 + -7668. Let t = -8834 + x. Is t composite?
False
Let k(h) = -793*h - 29. Let g be k(-11). Suppose -4*y = -g - 12638. Suppose 5*s - y = -2088. Is s a composite number?
True
Suppose i - 5*v - 8671 = 0, -21*v - 43199 = -5*i - 22*v. Is i composite?
False
Let l be -5162 + 0*7/14. Let r = l + 7929. Is r a prime number?
True
Let g = -472556 + 853819. Is g a composite number?
True
Let k = 1158 + 8248. Is k prime?
False
Is ((-4)/(-3))/(26*(-19)/(-901797)) prime?
False
Let x be 202 + 1*(2 + -4) + 5. Suppose -204*p - 397 = -x*p. Is p composite?
False
Let a(z) = 38912*z - 1073. Is a(8) prime?
True
Let r(t) = -99*t**3 - 4*t - 3. Let q = -50 + 55. Suppose 5*o + 15 = q. Is r(o) composite?
False
Suppose 0 = -7*z + 60 - 4. Suppose -3*f + 40 = -z*f. Is 1088/1 - (-4)/f*2 a prime number?
True
Let y = 28 - 70. Let k = y - -44. Suppose -75 = k*i - 263. Is i composite?
True
Let i = 3538988 - 1920105. Is i composite?
True
Suppose -5*z - 720160 = -5*f, 0 = -263*z + 267*z + 4. Is f a composite number?
False
Let f(l) = -2*l - 10. Let g be f(-10). Let w(o) = 226*o**2 - 61*o - 31. Is w(g) a composite number?
True
Let i be ((-65)/1)/((-7)/161). Suppose -3*o - i - 1958 = 0. Let u = o + 2533. Is u prime?
False
Let c(g) = 3076*g**2 + 2*g + 8. Let f(m) = 1. Let u(y) = c(y) - 3*f(y). Is u(2) composite?
True
Suppose 5*i + 13190 = -31805. Let w = 20263 + i. Let f = w + -6553. Is f composite?
True
Let k(g) = 23*g - 91. Let c(l) = 23*l - 92. Let y(h) = -4*c(h) + 5*k(h). Is y(7) a prime number?
False
Let u be 7 - 4 - (-3)/(-3). Suppose -5*d = -4*c + 51, d - u*c + 9 = -0*c. Let v(t) = t**2 + 8*t - 10. Is v(d) prime?
True
Let k(z) = 28*z**2 - 38*z + 19. Let w(x) = 2*x**2 - x + 1. Let g(i) = k(i) + 3*w(i). Is g(7) a prime number?
False
Let v be -247 - (-3 - (-15)/3). Let r = 532 - 124. Let l = v + r. Is l a composite number?
True
Let g(w) be the first derivative of w**4/4 + w**3/3 + w**2 + 6*w - 4. Let d be g(5). Suppose -3*f = -f - d. Is f a prime number?
True
Suppose -5*b - 5*n = 15, -4*b - 3*n - 11 = -2*b. Suppose -a + 157 = b*l - 978, -1138 = -a - l. Is a a composite number?
True
Let b be (-193)/1*(6 - (1 + 6)). Let c = -182 + b. Is c a prime number?
True
Suppose -69*y + 434635 + 327646 = -56*y. Is y prime?
False
Suppose 139971 = -47*f + 1585597. Suppose -55265 = -7*q + f. Is q a prime number?
True
Is (-1)/(-5 - (-45)/10) - -37131 a prime number?
False
Let i(q) = 10370*q**3 + 2*q**2 - 14*q + 13. Is i(1) prime?
False
Let j(r) = -10*r**3 - 2*r**2 - r. Suppose p = -z + 4, 4*z + 65 = 2*p + 3*p. Let k be ((-13)/(-4) + p/12)/(-2). Is j(k) a composite number?
True
Suppose 2*g - 938 = -5*t + t, 0 = -g - 4*t + 471. Suppose 5*a + 5*j - 3*j - 777 = 0, -j = 3*a - g. Is a prime?
True
Let p(q) = -q**3 - 3*q**2 + 4*q + 12. Let f be p(-3). Suppose f = 2*s - 32*s + 583230. Is s composite?
False
Let r(s) = 7*s - 7. Let p be r(-5). Let f be 1*-2 + p/(-6). Suppose 1304 = 3*t + f*g, 6*t - 3*t = -g + 1324. Is t a prime number?
True
Suppose -11562661 = -207*k + 29300588. Is k composite?
True
Let w = 316 - 192. Let l = 136 - w. Is -892*(l/16)/(-3) prime?
True
Let n be 11/2 - 7/(-14). Suppose 2*s = n - 14. Is 3 + 2 + s + 520 a prime number?
True
Let m(a) = -1189*a - 393. Let v(b) = -2380*b - 785. Let g(h) = 7*m(h) - 3*v(h). Is g(-13) a prime number?
True
Suppose -13976 = 3*g - 180533. Is g composite?
True
Let y(u) = -1046*u - 11. Let q(x) = x**3 - 2*x**2 + 2*x - 2. Let c be q(0). Is y(c) a composite number?
False
Let n = -33 - -39. Let y(c) = 6*c**3 - 2*c**2 - 6*c - 1. Is y(n) composite?
False
Let p = -8234 - -8219. Let i(q) = 7*q - 2. Let j be i(6). Is 3 + j/p - 2260/(-6) composite?
True
Let f(z) = 3*z + 3. Suppose -5*g + 5*b = -60, -4*g + 4*b = -5*g + 17. Let l be f(g). Suppose -39*q - 2463 = -l*q. Is q prime?
True
Let l = -4383 + 16244. Is l a prime number?
False
Let t be (39/(-13))/(2 - 18/10). Let o = t + 21. Let c(w) = 212*w - 13. Is c(o) a prime number?
True
Let i(t) = -2*t**3 - 17*t**2 - 43*t - 21. Let j be i(-10). Suppose 3*r + 2*r - j = -l, 0 = 2*l + 4*r - 1406. Is l a prime number?
False
Let g(q) = 5057*q**2 - 58*q - 16. Is g(7) composite?
True
Let w(m) = 6*m + 160. Let z be w(-13). Suppose -4*o - 5*r + 38255 = 0, 3*o + 80*r - 28697 = z*r. Is o a composite number?
True
Let b be (-3859)/8 + (-18)/(-48). Let q = b + 297. Let n = q + 327. Is n prime?
False
Suppose 3*x - 14 + 20 = 0. Let q be -5 + (x + 2)/3. Is 3*1535/(-15)*q a composite number?
True
Let r(i) be the third derivative of 87*i**5/20 + i**4/6 - 11*i**3/6 + 2*i**2 + 8. Is r(4) prime?
False
Let o(n) = -4*n**2 - 274*n + 81. Is o(-38) a prime number?
False
Suppose 0 = -3*q - v + 801561, -9*q + 7*v - 1335935 = -14*q. Is q a composite number?
False
Is (-55)/33*335706/(-10) composite?
True
Let x(q) = -184*q. Let v be x(-4). Suppose -6*l - 184 = -o - l, 4*o - 4*l - v = 0. Sup